= -5*p + 5*i + 165480, -5*i = -4*p + 112247 + 20132. Is p a prime number?
False
Let a(i) = 1. Let s(g) = -2*g**2 - 17*g + 7. Let o(z) = 2*z**3 + 2*z**2 - 1. Let u be o(-1). Let d(w) = u*s(w) + 4*a(w). Is d(12) composite?
True
Suppose 3*u + 3*h - 36987 = 0, 3*h + 58670 + 2927 = 5*u. Is u a prime number?
True
Let l = 1875776 - 1181319. Is l composite?
False
Let a = 999 + -570. Suppose 5*r = -2*o + 6*o + 1221, 2*o + 2*r = -606. Let t = a - o. Is t prime?
True
Suppose -13*x = -18*x + 3*m + 1700569, -4*x = 4*m - 1360468. Is x prime?
False
Let c(y) = -y**3 - 25*y**2 - 3*y - 13. Let p be c(-22). Let w = p - -5636. Is w a prime number?
False
Suppose -18 = -4*j - 2*w, -2*w - w = -j - 13. Let k(g) = 3*g**2 - 2*g - 8. Let h be k(-9). Suppose -h = -2*y + 2*d + 385, j*d + 1284 = 4*y. Is y a prime number?
False
Let m = -81 + 86. Suppose 0 = -3*o - m*j + 2, 3*j + 2*j + 18 = 2*o. Suppose -x + 3*u = -989, o*x - 3892 = -u - 3*u. Is x a composite number?
False
Let y = -719232 - -1231543. Is y prime?
True
Is (-68470948)/(-910)*65/2 composite?
True
Suppose q = 2*q + 16616. Let r = q + 23859. Is r prime?
True
Suppose 18*r - 54130 = 33044. Let k = r - 2714. Is k a composite number?
False
Let q = 271776 - 161893. Is q a composite number?
False
Let w = -97 + 96. Is w/4*(-22944)/24 composite?
False
Is 1*134006*102/204 prime?
True
Let m = 699370 - 388227. Is m composite?
True
Is (4705/(-105)*-7)/((-5)/(-1515)) a prime number?
False
Let b = -26 + 32. Suppose 2*z - 15 = 13. Is b/z - 207220/(-182) prime?
False
Suppose -4*f - 96*d + 494429 = -91*d, 0 = 2*f + 3*d - 247217. Is f a composite number?
False
Let v be (-2)/(-10) - 7/35 - 0. Suppose v = -7*i + 521 + 17581. Is (20/(-8) - -3) + i/4 composite?
False
Suppose -2*u + 223426 = -2*w, -18*u + 13*u = 2*w - 558579. Is u a composite number?
True
Let o = 622245 - -148152. Is o prime?
False
Let j = 230 + 12129. Is j composite?
True
Let w = 5964 - 4222. Let c = w - 865. Is c a prime number?
True
Let j be (-4)/5 + (-48)/(-10). Is (953/j)/((-14)/(-56)) a prime number?
True
Suppose -5*r + 922525 = 5*p, 3*r = 2*p - 300391 - 68649. Is p composite?
False
Suppose 40701 = a - 28070. Is a composite?
False
Let r(t) = -t**3 + 9*t**2 - 6*t - 13. Let l be r(8). Let f(i) = 8*i + l - 10*i + 498*i**3 - 2. Is f(1) a prime number?
False
Suppose -42*r + 45*r - 18 = 0. Let m be -4*(-582)/3 + r/(-3). Suppose 0 = z - m - 649. Is z a prime number?
True
Let m(w) = -3*w + 47. Let o be m(15). Suppose o*v + j - 4 = 3*j, -j = -2*v + 3. Is 501 + (1*(v - 2))/(-1) a prime number?
False
Suppose 4*t + 0*t = o + 66, 2*o + 68 = 4*t. Let c(v) = 33*v - 11. Is c(t) prime?
False
Let m = -4719 + 8680. Is m prime?
False
Suppose 24*p = -11*p - 2*p + 3979979. Is p prime?
False
Is (-20 + (-552)/(-27))/((-4)/(-726174)) composite?
True
Is (-2057236)/14*3703/(-1058) composite?
False
Let c(k) = 6*k**2 + 46*k - 2. Let r be c(-8). Suppose 6089 = -r*w + 18759. Is w a composite number?
True
Suppose -10*w + 415677 = -3*w - 4*w. Is w a prime number?
True
Suppose -603*x = -612*x - 313758. Let y = x + 66939. Is y a prime number?
True
Let f = 46303 - -71896. Is f composite?
True
Suppose 8*p = 45 - 133. Is 1341/21*(-77)/p composite?
True
Let m(l) = l**3 + 11*l**2 + 11*l + 15. Let p be m(-10). Suppose p*b - 9734 - 22431 = 0. Is b composite?
True
Suppose 412 = -16*u - 596. Is (-238791)/u - (4/3)/(-2) composite?
True
Let w(f) = -848*f - 849. Is w(-17) a composite number?
False
Suppose 92 = -w - 869. Let c = w - -2720. Is c a composite number?
False
Let p(x) = -4*x - 3. Let m be p(-2). Suppose -m*n = -4*a - 127881, -n + 3591 + 21984 = -2*a. Is n a composite number?
False
Let g(f) = 6*f - 17. Let h be g(4). Suppose -h*y + 9*y = 10. Let b(s) = 94*s + 17. Is b(y) composite?
False
Let z = 100961 - 11668. Is z a prime number?
True
Let b be 4/((-24)/(-10))*3. Suppose 2*u = -b*f + 10*f - 159151, f - 31832 = u. Is f a composite number?
True
Let p(r) = 717*r**2 - 134*r + 7301. Is p(62) a prime number?
True
Suppose 5048 = 15*i - 248107. Is i a composite number?
True
Let j = 484338 + -165457. Is j composite?
False
Let r(a) = -9827*a + 45. Let j be r(-5). Is (j/15)/(4/6) a prime number?
False
Let d = -24470 + 42287. Is d prime?
False
Suppose -2*u + 0 + 6 = 0. Suppose 3*j - 744 = 4*t, -4*j - 130 = u*t + 428. Let d = 443 + t. Is d composite?
False
Let q be 4 - (-3)/(20/5 - 5). Let a = 7 + -3. Is ((a - -1790) + q)/1 a composite number?
True
Suppose -4*w = -2*k + 201710, 3*k - w - 302589 = -3*w. Is 45/54 - k/(-6) prime?
True
Let j(h) = -146803*h**3 + 15*h**2 + 46*h + 37. Is j(-2) composite?
True
Let y(v) = -5*v**2 - 5*v - 8. Let n(c) = -6*c**2 - 6*c - 7. Let k(o) = 4*n(o) - 5*y(o). Let t be k(0). Suppose -3676 = t*b - 14*b. Is b composite?
True
Let t(l) = l**3 + l**2 + 2231. Let w(q) = -2*q**2 - 9*q - 6. Let k be w(-9). Let u = k - -87. Is t(u) a prime number?
False
Let h(w) = 107*w**3 - 93*w**2 + 85*w - 1790. Is h(29) a composite number?
True
Let s be -8 + -3 + 12 - 7. Is (-2799)/(-2) - (s + (-130)/(-20)) prime?
True
Let d be -1345*3/45*-3*1. Suppose -2*h + 365 = -d. Is h composite?
False
Is 312818 - 15/10*(-12)/(-2) a prime number?
False
Suppose -3*h + 18*h = 180. Suppose -4*n + 27232 = -5*j, 0 = j + 2*j + h. Is n a prime number?
True
Suppose -w + 2*i = -2 + 13, -4*w + 2*i - 32 = 0. Let f(v) = -v - 5. Let m be f(w). Is m/(-12) + 10970/12 prime?
False
Let s(r) = 26*r**3 + r**2 + 27. Let q be s(4). Suppose 1 - 6 = 3*v - 4*u, -4*v + u + 15 = 0. Is 2*3/(-15) + q/v a prime number?
False
Suppose -11*x - 100359 + 23502 = 0. Is 1 - (-3 - 0) - x - -4 a composite number?
True
Suppose 118 - 48 = 7*h. Suppose -h*v + 5*v + 15027 = 4*g, 20 = -4*v. Is g composite?
True
Suppose 22*h - 892919 + 109948 = 2293311. Is h a prime number?
True
Suppose 0 = -4*n - 2*f + 41968, 2*n - 3*f - 14916 = 6076. Is (-5 - -1) + n - -4 a prime number?
False
Suppose -4*l + 23 = 7. Suppose b = -h - 2*b + 18, -4*h - l*b = -48. Is (339 + -2)*(-8 + h) prime?
True
Let c(b) = -3*b - 15. Let o be 2/2*(-18)/((-15)/(-5)). Let k be c(o). Suppose t - 263 = -3*m + m, k*t = -3*m + 798. Is t prime?
True
Let r(g) = 203107*g**2 - 15*g + 25. Let v be r(2). Suppose 90292 = 33*a - v. Is a composite?
True
Suppose 0 = w + 2*l - 50413, 394*w + 201666 = 398*w + l. Is w composite?
False
Let f = -1487 + -1283. Is 1/(((-4)/(-42))/(f/(-15))) a prime number?
False
Let h be (-1 - -3) + 0 + (-4 - -2). Suppose h*z + 5876 = -2*z. Let o = z + 4337. Is o composite?
False
Is 7/(56/(-80)) + 19941 a prime number?
False
Let a = -4 - -7. Suppose 3 - 19 = -4*h, a*b + 4824 = -3*h. Let c = b - -3009. Is c composite?
True
Suppose 0 = 3*m - 17*m + 406. Suppose -3*c - 5*t + m = 0, -2*t - 8 = -4*c - t. Suppose 5*x + 1204 = 4*r, 0*r + x = -c*r + 903. Is r prime?
False
Is (178966611/18)/(-23)*4/(-6) composite?
False
Suppose 400123 = -2*a + 1642425. Suppose a = 11*l + 18*l. Is l a prime number?
True
Let w be (2/4)/(-2 - 225/(-110)). Suppose 2*t = -5 + w. Suppose 4*y - 5617 = 5*o, 2*o + 2805 = 2*y + t*o. Is y a prime number?
False
Let j(r) = r**2 + r - 1. Let v(y) = -6*y**2 - 303*y**2 - 71*y**2 + 53*y**2 + 7*y. Let q(a) = 3*j(a) - v(a). Is q(-1) composite?
False
Let f = 14668 + 10939. Is f composite?
True
Let t = -213 - 2368. Let l = 1102 - t. Is l composite?
True
Suppose -3*r - d = -2, -3*d = 5*r + d - 8. Suppose l + 2*l - 4143 = r. Is l a composite number?
False
Let j = 132781 + -73464. Is j composite?
True
Let n = -71 - -33. Let b = n + 42. Suppose 262 = 2*x - 2*d, 2*x - 391 = -x + b*d. Is x a composite number?
True
Suppose -d = 2*f - 21, 0 = -2*f + 6*d - 4*d + 18. Suppose -f*o + 224546 + 198824 = 0. Is o a prime number?
True
Let z(p) = -516*p + 41. Let m(f) = -3*f**2 - 11*f + 11. Let b be m(-5). Is z(b) a composite number?
True
Suppose -8*k = 12009 - 37185. Is k composite?
True
Is 15 + 25/((-275)/(-1332364)) a prime number?
True
Suppose 2*a = -s - 19 + 14, 2*s = a. Is ((-30304)/128)/(a/8) prime?
True
Let v(t) = -472*t - 42. Let u be v(-17). Let c = -3912 + u. Let w = -2839 + c. Is w prime?
True
Let k be 18/10*(1 - 14/(-6)). Is -1*(5 + -1204 + k) composite?
False
Suppose -2*s = -5*t - 568158, 85*s + 852237 = 88*s - 5*t. Is s a composite number?
True
Let m(b) = -25*b - 140. Let f = 328 + -337. Is m(f) prime?
False
Let u be 8 + ((-20)/(-15))/((-2)/6). Suppose -16 = -u*d - 3*v, -5*d + 